{"id":558,"date":"2018-03-26T21:35:44","date_gmt":"2018-03-26T21:35:44","guid":{"rendered":"https:\/\/adole-sendo.info\/?page_id=558"},"modified":"2023-01-24T17:23:36","modified_gmt":"2023-01-24T20:23:36","slug":"mauro-fisberg","status":"publish","type":"page","link":"https:\/\/adole-sendo.info\/equipe\/mauro-fisberg\/","title":{"rendered":"Mauro Fisberg"},"content":{"rendered":"\t\t<div data-elementor-type=\"wp-page\" data-elementor-id=\"558\" class=\"elementor elementor-558\">\n\t\t\t\t\t\t<div class=\"elementor-inner\">\n\t\t\t\t<div class=\"elementor-section-wrap\">\n\t\t\t\t\t\t\t\t\t<section class=\"elementor-section elementor-top-section elementor-element elementor-element-9e7f44f elementor-section-boxed elementor-section-height-default elementor-section-height-default\" data-id=\"9e7f44f\" data-element_type=\"section\">\n\t\t\t\t\t\t<div class=\"elementor-container elementor-column-gap-default\">\n\t\t\t\t\t\t\t<div class=\"elementor-row\">\n\t\t\t\t\t<div class=\"elementor-column elementor-col-100 elementor-top-column elementor-element elementor-element-2822a419\" data-id=\"2822a419\" data-element_type=\"column\">\n\t\t\t<div class=\"elementor-column-wrap elementor-element-populated\">\n\t\t\t\t\t\t\t<div class=\"elementor-widget-wrap\">\n\t\t\t\t\t\t<div class=\"elementor-element elementor-element-4970b5d elementor-widget elementor-widget-spacer\" data-id=\"4970b5d\" data-element_type=\"widget\" data-widget_type=\"spacer.default\">\n\t\t\t\t<div class=\"elementor-widget-container\">\n\t\t\t\t\t<div class=\"elementor-spacer\">\n\t\t\t<div class=\"elementor-spacer-inner\"><\/div>\n\t\t<\/div>\n\t\t\t\t<\/div>\n\t\t\t\t<\/div>\n\t\t\t\t<div class=\"elementor-element elementor-element-2dccf286 elementor-widget elementor-widget-text-editor\" data-id=\"2dccf286\" data-element_type=\"widget\" data-widget_type=\"text-editor.default\">\n\t\t\t\t<div class=\"elementor-widget-container\">\n\t\t\t\t\t\t\t\t<div class=\"elementor-text-editor elementor-clearfix\">\n\t\t\t\t<img loading=\"lazy\" decoding=\"async\" class=\"size-medium wp-image-180 alignleft\" src=\"https:\/\/adole-sendo.info\/wp-content\/uploads\/2018\/01\/mauro-300x279.png\" alt=\"\" width=\"300\" height=\"279\" \/>\r\n\r\nCB abreviado: Possui gradua\u00e7\u00e3o em Medicina pela Universidade Federal de S\u00e3o Paulo (1976), resid\u00eancia em Pediatria e doutorado em Pediatria pela Universidade Federal de S\u00e3o Paulo. \u00c9 Pediatra e Nutrologo, Professor Associado do Setor de Medicina do Adolescente- Escola Paulista de Medicina- UNIFESP, membro do corpo de orientadores em Pediatria e Ci\u00eancias Aplicadas a Pediatria &#8211; EPM \u2013 UNIFESP, Coordenador do Centro de Dificuldades Alimentares do Instituto Pensi &#8211; Hospital Infantil Sabar\u00e1, Coordenador da For\u00e7a Tarefa Estilos de Vida Saud\u00e1vel International Life Science Institute &#8211; ILSI Brasil, membro do Conselho Cientifico e da diretoria. Membro da Diretoria do Danone Institute International, Alumni da Fundacao Kellogs (Leadership Program Partners of the Americas) e da\r\n\r\nUnited Nations University- UNU- World Hunger Program. Foi presidente e Secret\u00e1rio geral da SLAIP- Soc. Latinoamericana de Investigacion Pediatrica e chair do Projeto ELANS- projeto Latino Americano de Sa\u00fade e Nutri\u00e7\u00e3o. Tem experi\u00eancia na \u00e1rea de Nutri\u00e7\u00e3o, com \u00eanfase em nutri\u00e7\u00e3o da crian\u00e7a e do adolescente, atuando principalmente nos seguintes temas: obesidade, adolescentes, epidemiologia nutricional, composi\u00e7\u00e3o corporal, dificuldades alimentares, alimenta\u00e7\u00e3o e habito alimentar.\r\n\r\n<a href=\"http:\/\/lattes.cnpq.br\/2084196778725842\">http:\/\/lattes.cnpq.br\/2084196778725842<\/a>\r\n\r\n&nbsp;\t\t\t\t\t<\/div>\n\t\t\t\t\t\t<\/div>\n\t\t\t\t<\/div>\n\t\t\t\t\t\t<\/div>\n\t\t\t\t\t<\/div>\n\t\t<\/div>\n\t\t\t\t\t\t\t\t<\/div>\n\t\t\t\t\t<\/div>\n\t\t<\/section>\n\t\t\t\t\t\t\t\t\t<\/div>\n\t\t\t<\/div>\n\t\t\t\t\t<\/div>\n\t\t","protected":false},"excerpt":{"rendered":"<p>CB abreviado: Possui gradua\u00e7\u00e3o em Medicina pela Universidade Federal de S\u00e3o Paulo (1976), resid\u00eancia em Pediatria e doutorado em Pediatria pela Universidade Federal de S\u00e3o Paulo. \u00c9 Pediatra e Nutrologo, Professor Associado do Setor de Medicina do Adolescente- Escola Paulista de Medicina- UNIFESP, membro do corpo de orientadores em Pediatria e Ci\u00eancias Aplicadas a Pediatria&hellip; <br \/> <a class=\"button small blue\" href=\"https:\/\/adole-sendo.info\/equipe\/mauro-fisberg\/\">Leia mais<\/a><\/p>\n","protected":false},"author":1,"featured_media":420,"parent":0,"menu_order":0,"comment_status":"closed","ping_status":"closed","template":"","meta":{"footnotes":""},"class_list":["post-558","page","type-page","status-publish","has-post-thumbnail","hentry"],"yoast_head":"<!-- This site is optimized with the Yoast SEO plugin v23.7 - https:\/\/yoast.com\/wordpress\/plugins\/seo\/ -->\n<title>Mauro Fisberg - Equipe<\/title>\n<meta name=\"description\" content=\"CB abreviado: Possui gradua\u00e7\u00e3o em Medicina\" \/>\n<meta name=\"robots\" content=\"index, follow, max-snippet:-1, max-image-preview:large, max-video-preview:-1\" \/>\n<link rel=\"canonical\" href=\"https:\/\/adole-sendo.info\/equipe\/mauro-fisberg\/\" \/>\n<meta property=\"og:locale\" content=\"pt_BR\" \/>\n<meta property=\"og:type\" content=\"article\" \/>\n<meta property=\"og:title\" content=\"Mauro Fisberg - Equipe\" \/>\n<meta property=\"og:description\" content=\"CB abreviado: Possui gradua\u00e7\u00e3o em Medicina\" \/>\n<meta property=\"og:url\" content=\"https:\/\/adole-sendo.info\/equipe\/mauro-fisberg\/\" \/>\n<meta property=\"og:site_name\" content=\"Equipe\" \/>\n<meta property=\"article:modified_time\" content=\"2023-01-24T20:23:36+00:00\" \/>\n<meta name=\"twitter:card\" content=\"summary_large_image\" \/>\n<meta name=\"twitter:label1\" content=\"Est. tempo de leitura\" \/>\n\t<meta name=\"twitter:data1\" content=\"1 minuto\" \/>\n<script type=\"application\/ld+json\" class=\"yoast-schema-graph\">{\"@context\":\"https:\/\/schema.org\",\"@graph\":[{\"@type\":\"WebPage\",\"@id\":\"https:\/\/adole-sendo.info\/equipe\/mauro-fisberg\/\",\"url\":\"https:\/\/adole-sendo.info\/equipe\/mauro-fisberg\/\",\"name\":\"Mauro Fisberg - Equipe\",\"isPartOf\":{\"@id\":\"https:\/\/adole-sendo.info\/equipe\/#website\"},\"primaryImageOfPage\":{\"@id\":\"https:\/\/adole-sendo.info\/equipe\/mauro-fisberg\/#primaryimage\"},\"image\":{\"@id\":\"https:\/\/adole-sendo.info\/equipe\/mauro-fisberg\/#primaryimage\"},\"thumbnailUrl\":\"\",\"datePublished\":\"2018-03-26T21:35:44+00:00\",\"dateModified\":\"2023-01-24T20:23:36+00:00\",\"description\":\"CB abreviado: Possui gradua\u00e7\u00e3o em Medicina\",\"breadcrumb\":{\"@id\":\"https:\/\/adole-sendo.info\/equipe\/mauro-fisberg\/#breadcrumb\"},\"inLanguage\":\"pt-BR\",\"potentialAction\":[{\"@type\":\"ReadAction\",\"target\":[\"https:\/\/adole-sendo.info\/equipe\/mauro-fisberg\/\"]}]},{\"@type\":\"ImageObject\",\"inLanguage\":\"pt-BR\",\"@id\":\"https:\/\/adole-sendo.info\/equipe\/mauro-fisberg\/#primaryimage\",\"url\":\"\",\"contentUrl\":\"\"},{\"@type\":\"BreadcrumbList\",\"@id\":\"https:\/\/adole-sendo.info\/equipe\/mauro-fisberg\/#breadcrumb\",\"itemListElement\":[{\"@type\":\"ListItem\",\"position\":1,\"name\":\"In\u00edcio\",\"item\":\"https:\/\/adole-sendo.info\/equipe\/\"},{\"@type\":\"ListItem\",\"position\":2,\"name\":\"Mauro Fisberg\"}]},{\"@type\":\"WebSite\",\"@id\":\"https:\/\/adole-sendo.info\/equipe\/#website\",\"url\":\"https:\/\/adole-sendo.info\/equipe\/\",\"name\":\"Equipe\",\"description\":\"\",\"publisher\":{\"@id\":\"https:\/\/adole-sendo.info\/equipe\/#organization\"},\"potentialAction\":[{\"@type\":\"SearchAction\",\"target\":{\"@type\":\"EntryPoint\",\"urlTemplate\":\"https:\/\/adole-sendo.info\/equipe\/?s={search_term_string}\"},\"query-input\":{\"@type\":\"PropertyValueSpecification\",\"valueRequired\":true,\"valueName\":\"search_term_string\"}}],\"inLanguage\":\"pt-BR\"},{\"@type\":\"Organization\",\"@id\":\"https:\/\/adole-sendo.info\/equipe\/#organization\",\"name\":\"Equipe\",\"url\":\"https:\/\/adole-sendo.info\/equipe\/\",\"logo\":{\"@type\":\"ImageObject\",\"inLanguage\":\"pt-BR\",\"@id\":\"https:\/\/adole-sendo.info\/equipe\/#\/schema\/logo\/image\/\",\"url\":\"https:\/\/adole-sendo.info\/equipe\/wp-content\/uploads\/sites\/9\/2022\/05\/logopretopequeno.fw_-270x300.png\",\"contentUrl\":\"https:\/\/adole-sendo.info\/equipe\/wp-content\/uploads\/sites\/9\/2022\/05\/logopretopequeno.fw_-270x300.png\",\"width\":270,\"height\":300,\"caption\":\"Equipe\"},\"image\":{\"@id\":\"https:\/\/adole-sendo.info\/equipe\/#\/schema\/logo\/image\/\"}}]}<\/script>\n<!-- \/ Yoast SEO plugin. -->","yoast_head_json":{"title":"Mauro Fisberg - Equipe","description":"CB abreviado: Possui gradua\u00e7\u00e3o em Medicina","robots":{"index":"index","follow":"follow","max-snippet":"max-snippet:-1","max-image-preview":"max-image-preview:large","max-video-preview":"max-video-preview:-1"},"canonical":"https:\/\/adole-sendo.info\/equipe\/mauro-fisberg\/","og_locale":"pt_BR","og_type":"article","og_title":"Mauro Fisberg - Equipe","og_description":"CB abreviado: Possui gradua\u00e7\u00e3o em Medicina","og_url":"https:\/\/adole-sendo.info\/equipe\/mauro-fisberg\/","og_site_name":"Equipe","article_modified_time":"2023-01-24T20:23:36+00:00","twitter_card":"summary_large_image","twitter_misc":{"Est. tempo de leitura":"1 minuto"},"schema":{"@context":"https:\/\/schema.org","@graph":[{"@type":"WebPage","@id":"https:\/\/adole-sendo.info\/equipe\/mauro-fisberg\/","url":"https:\/\/adole-sendo.info\/equipe\/mauro-fisberg\/","name":"Mauro Fisberg - Equipe","isPartOf":{"@id":"https:\/\/adole-sendo.info\/equipe\/#website"},"primaryImageOfPage":{"@id":"https:\/\/adole-sendo.info\/equipe\/mauro-fisberg\/#primaryimage"},"image":{"@id":"https:\/\/adole-sendo.info\/equipe\/mauro-fisberg\/#primaryimage"},"thumbnailUrl":"","datePublished":"2018-03-26T21:35:44+00:00","dateModified":"2023-01-24T20:23:36+00:00","description":"CB abreviado: Possui gradua\u00e7\u00e3o em Medicina","breadcrumb":{"@id":"https:\/\/adole-sendo.info\/equipe\/mauro-fisberg\/#breadcrumb"},"inLanguage":"pt-BR","potentialAction":[{"@type":"ReadAction","target":["https:\/\/adole-sendo.info\/equipe\/mauro-fisberg\/"]}]},{"@type":"ImageObject","inLanguage":"pt-BR","@id":"https:\/\/adole-sendo.info\/equipe\/mauro-fisberg\/#primaryimage","url":"","contentUrl":""},{"@type":"BreadcrumbList","@id":"https:\/\/adole-sendo.info\/equipe\/mauro-fisberg\/#breadcrumb","itemListElement":[{"@type":"ListItem","position":1,"name":"In\u00edcio","item":"https:\/\/adole-sendo.info\/equipe\/"},{"@type":"ListItem","position":2,"name":"Mauro Fisberg"}]},{"@type":"WebSite","@id":"https:\/\/adole-sendo.info\/equipe\/#website","url":"https:\/\/adole-sendo.info\/equipe\/","name":"Equipe","description":"","publisher":{"@id":"https:\/\/adole-sendo.info\/equipe\/#organization"},"potentialAction":[{"@type":"SearchAction","target":{"@type":"EntryPoint","urlTemplate":"https:\/\/adole-sendo.info\/equipe\/?s={search_term_string}"},"query-input":{"@type":"PropertyValueSpecification","valueRequired":true,"valueName":"search_term_string"}}],"inLanguage":"pt-BR"},{"@type":"Organization","@id":"https:\/\/adole-sendo.info\/equipe\/#organization","name":"Equipe","url":"https:\/\/adole-sendo.info\/equipe\/","logo":{"@type":"ImageObject","inLanguage":"pt-BR","@id":"https:\/\/adole-sendo.info\/equipe\/#\/schema\/logo\/image\/","url":"https:\/\/adole-sendo.info\/equipe\/wp-content\/uploads\/sites\/9\/2022\/05\/logopretopequeno.fw_-270x300.png","contentUrl":"https:\/\/adole-sendo.info\/equipe\/wp-content\/uploads\/sites\/9\/2022\/05\/logopretopequeno.fw_-270x300.png","width":270,"height":300,"caption":"Equipe"},"image":{"@id":"https:\/\/adole-sendo.info\/equipe\/#\/schema\/logo\/image\/"}}]}},"_links":{"self":[{"href":"https:\/\/adole-sendo.info\/equipe\/wp-json\/wp\/v2\/pages\/558"}],"collection":[{"href":"https:\/\/adole-sendo.info\/equipe\/wp-json\/wp\/v2\/pages"}],"about":[{"href":"https:\/\/adole-sendo.info\/equipe\/wp-json\/wp\/v2\/types\/page"}],"author":[{"embeddable":true,"href":"https:\/\/adole-sendo.info\/equipe\/wp-json\/wp\/v2\/users\/1"}],"replies":[{"embeddable":true,"href":"https:\/\/adole-sendo.info\/equipe\/wp-json\/wp\/v2\/comments?post=558"}],"version-history":[{"count":4,"href":"https:\/\/adole-sendo.info\/equipe\/wp-json\/wp\/v2\/pages\/558\/revisions"}],"predecessor-version":[{"id":1088,"href":"https:\/\/adole-sendo.info\/equipe\/wp-json\/wp\/v2\/pages\/558\/revisions\/1088"}],"wp:featuredmedia":[{"embeddable":true,"href":"https:\/\/adole-sendo.info\/equipe\/wp-json\/"}],"wp:attachment":[{"href":"https:\/\/adole-sendo.info\/equipe\/wp-json\/wp\/v2\/media?parent=558"}],"curies":[{"name":"wp","href":"https:\/\/api.w.org\/{rel}","templated":true}]}}