{"id":511,"date":"2018-03-26T13:15:03","date_gmt":"2018-03-26T13:15:03","guid":{"rendered":"https:\/\/adole-sendo.info\/?page_id=511"},"modified":"2023-01-24T15:54:16","modified_gmt":"2023-01-24T18:54:16","slug":"sabine-pompeia","status":"publish","type":"page","link":"https:\/\/adole-sendo.info\/equipe\/sabine-pompeia\/","title":{"rendered":"Sabine Pomp\u00e9ia"},"content":{"rendered":"\t\t<div data-elementor-type=\"wp-page\" data-elementor-id=\"511\" class=\"elementor elementor-511\">\n\t\t\t\t\t\t<div class=\"elementor-inner\">\n\t\t\t\t<div class=\"elementor-section-wrap\">\n\t\t\t\t\t\t\t\t\t<section class=\"elementor-section elementor-top-section elementor-element elementor-element-233d5e14 elementor-section-boxed elementor-section-height-default elementor-section-height-default\" data-id=\"233d5e14\" data-element_type=\"section\">\n\t\t\t\t\t\t<div class=\"elementor-container elementor-column-gap-default\">\n\t\t\t\t\t\t\t<div class=\"elementor-row\">\n\t\t\t\t\t<div class=\"elementor-column elementor-col-100 elementor-top-column elementor-element elementor-element-5d0ffc00\" data-id=\"5d0ffc00\" data-element_type=\"column\">\n\t\t\t<div class=\"elementor-column-wrap elementor-element-populated\">\n\t\t\t\t\t\t\t<div class=\"elementor-widget-wrap\">\n\t\t\t\t\t\t<div class=\"elementor-element elementor-element-8f963d1 elementor-widget elementor-widget-spacer\" data-id=\"8f963d1\" data-element_type=\"widget\" data-widget_type=\"spacer.default\">\n\t\t\t\t<div class=\"elementor-widget-container\">\n\t\t\t\t\t<div class=\"elementor-spacer\">\n\t\t\t<div class=\"elementor-spacer-inner\"><\/div>\n\t\t<\/div>\n\t\t\t\t<\/div>\n\t\t\t\t<\/div>\n\t\t\t\t<div class=\"elementor-element elementor-element-2d9bfc69 elementor-widget elementor-widget-text-editor\" data-id=\"2d9bfc69\" data-element_type=\"widget\" data-widget_type=\"text-editor.default\">\n\t\t\t\t<div class=\"elementor-widget-container\">\n\t\t\t\t\t\t\t\t<div class=\"elementor-text-editor elementor-clearfix\">\n\t\t\t\t<img loading=\"lazy\" decoding=\"async\" class=\"alignnone size-medium wp-image-182 alignleft\" src=\"https:\/\/adole-sendo.info\/wp-content\/uploads\/2018\/01\/sabine-244x300.png\" alt=\"\" width=\"244\" height=\"300\" \/>\r\n<p style=\"text-align: left;\">CV abreviado: Graduou-se em Ci\u00eancias Biol\u00f3gicas na Universidade Estadual Paulista Julio de Mesquita Filho (Campus Rio Claro), obteve sem mestrado em Psicologia\/Neuroci\u00eancias e Comportamento na Universidade de S\u00e3o Paulo e doutorado em Psicobiologia na Universidade Federal de s\u00e3o Paulo (UNIFESP). Atualmente ela \u00e9 Professora Adjunta na UNIFESP (Departamento de Psicobiologia) na \u00e1rea de Cogni\u00e7\u00e3o Humana. Sua pesquisa foca na investiga\u00e7\u00e3o de cogni\u00e7\u00e3o humana saud\u00e1vel e correlatos biofisiol\u00f3gicos incluindo os seguintes t\u00f3picos: psicofarmacologia, eletrofisiologia, pupilometria, sono, humor, aprendizagem, bem como adapta\u00e7\u00e3o de medidas cognitivas e de humor para uso no Brasil. Ela \u00e9 membro do Comit\u00e9 de \u00c9tica em Pesquisa da UNIFESP desde 2011 e recentemente integra a Rede Nacional de Ci\u00eancias para a Educa\u00e7\u00e3o. Atualmente dirige um projeto tem\u00e1tico (FAPESP) que visa avaliar fatores biopsicossociais que afetam o desenvolvimento da autorregula\u00e7\u00e3o do comportamento de adolescentes.<\/p>\r\n&nbsp;\r\n\r\n&nbsp;\r\n<p style=\"text-align: left;\"><a href=\"http:\/\/lattes.cnpq.br\/7010761150041393\">http:\/\/lattes.cnpq.br\/7010761150041393<\/a><\/p>\r\n<p style=\"text-align: left;\">Perfil no Google Scholar:<a href=\"https:\/\/scholar.google.com.br\/citations?user=6YM4pZkAAAAJ&amp;hl=pt-BR&amp;cstart=60&amp;pagesize=20\"> https:\/\/scholar.google.com.br\/citations?user=6YM4pZkAAAAJ&amp;hl=pt-BR&amp;cstart=60&amp;pagesize=20<\/a><\/p>\r\n<p style=\"text-align: left;\">ORCID:\u00a0<a href=\"http:\/\/orcid.org\/0000-0002-5208-8003\">http:\/\/orcid.org\/0000-0002-5208-8003<\/a><\/p>\r\n<p style=\"text-align: left;\">ResearcherID: F-9906-2012<\/p>\r\n&nbsp;\r\n\r\n&nbsp;\t\t\t\t\t<\/div>\n\t\t\t\t\t\t<\/div>\n\t\t\t\t<\/div>\n\t\t\t\t\t\t<\/div>\n\t\t\t\t\t<\/div>\n\t\t<\/div>\n\t\t\t\t\t\t\t\t<\/div>\n\t\t\t\t\t<\/div>\n\t\t<\/section>\n\t\t\t\t\t\t\t\t\t<\/div>\n\t\t\t<\/div>\n\t\t\t\t\t<\/div>\n\t\t","protected":false},"excerpt":{"rendered":"<p>CV abreviado: Graduou-se em Ci\u00eancias Biol\u00f3gicas na Universidade Estadual Paulista Julio de Mesquita Filho (Campus Rio Claro), obteve sem mestrado em Psicologia\/Neuroci\u00eancias e Comportamento na Universidade de S\u00e3o Paulo e doutorado em Psicobiologia na Universidade Federal de s\u00e3o Paulo (UNIFESP). Atualmente ela \u00e9 Professora Adjunta na UNIFESP (Departamento de Psicobiologia) na \u00e1rea de Cogni\u00e7\u00e3o Humana.&hellip; <br \/> <a class=\"button small blue\" href=\"https:\/\/adole-sendo.info\/equipe\/sabine-pompeia\/\">Leia mais<\/a><\/p>\n","protected":false},"author":1,"featured_media":182,"parent":0,"menu_order":0,"comment_status":"closed","ping_status":"closed","template":"","meta":{"footnotes":""},"class_list":["post-511","page","type-page","status-publish","has-post-thumbnail","hentry"],"yoast_head":"<!-- This site is optimized with the Yoast SEO plugin v23.7 - https:\/\/yoast.com\/wordpress\/plugins\/seo\/ -->\n<title>Sabine Pomp\u00e9ia - Equipe<\/title>\n<meta name=\"description\" content=\"CV abreviado:\" \/>\n<meta name=\"robots\" content=\"index, follow, max-snippet:-1, max-image-preview:large, max-video-preview:-1\" \/>\n<link rel=\"canonical\" href=\"https:\/\/adole-sendo.info\/equipe\/sabine-pompeia\/\" \/>\n<meta property=\"og:locale\" content=\"pt_BR\" \/>\n<meta property=\"og:type\" content=\"article\" \/>\n<meta property=\"og:title\" content=\"Sabine Pomp\u00e9ia - Equipe\" \/>\n<meta property=\"og:description\" content=\"CV abreviado:\" \/>\n<meta property=\"og:url\" content=\"https:\/\/adole-sendo.info\/equipe\/sabine-pompeia\/\" \/>\n<meta property=\"og:site_name\" content=\"Equipe\" \/>\n<meta property=\"article:modified_time\" content=\"2023-01-24T18:54:16+00:00\" \/>\n<meta name=\"twitter:card\" content=\"summary_large_image\" \/>\n<meta name=\"twitter:label1\" content=\"Est. tempo de leitura\" \/>\n\t<meta name=\"twitter:data1\" content=\"1 minuto\" \/>\n<script type=\"application\/ld+json\" class=\"yoast-schema-graph\">{\"@context\":\"https:\/\/schema.org\",\"@graph\":[{\"@type\":\"WebPage\",\"@id\":\"https:\/\/adole-sendo.info\/equipe\/sabine-pompeia\/\",\"url\":\"https:\/\/adole-sendo.info\/equipe\/sabine-pompeia\/\",\"name\":\"Sabine Pomp\u00e9ia - Equipe\",\"isPartOf\":{\"@id\":\"https:\/\/adole-sendo.info\/equipe\/#website\"},\"primaryImageOfPage\":{\"@id\":\"https:\/\/adole-sendo.info\/equipe\/sabine-pompeia\/#primaryimage\"},\"image\":{\"@id\":\"https:\/\/adole-sendo.info\/equipe\/sabine-pompeia\/#primaryimage\"},\"thumbnailUrl\":\"\",\"datePublished\":\"2018-03-26T13:15:03+00:00\",\"dateModified\":\"2023-01-24T18:54:16+00:00\",\"description\":\"CV abreviado:\",\"breadcrumb\":{\"@id\":\"https:\/\/adole-sendo.info\/equipe\/sabine-pompeia\/#breadcrumb\"},\"inLanguage\":\"pt-BR\",\"potentialAction\":[{\"@type\":\"ReadAction\",\"target\":[\"https:\/\/adole-sendo.info\/equipe\/sabine-pompeia\/\"]}]},{\"@type\":\"ImageObject\",\"inLanguage\":\"pt-BR\",\"@id\":\"https:\/\/adole-sendo.info\/equipe\/sabine-pompeia\/#primaryimage\",\"url\":\"\",\"contentUrl\":\"\"},{\"@type\":\"BreadcrumbList\",\"@id\":\"https:\/\/adole-sendo.info\/equipe\/sabine-pompeia\/#breadcrumb\",\"itemListElement\":[{\"@type\":\"ListItem\",\"position\":1,\"name\":\"In\u00edcio\",\"item\":\"https:\/\/adole-sendo.info\/equipe\/\"},{\"@type\":\"ListItem\",\"position\":2,\"name\":\"Sabine Pomp\u00e9ia\"}]},{\"@type\":\"WebSite\",\"@id\":\"https:\/\/adole-sendo.info\/equipe\/#website\",\"url\":\"https:\/\/adole-sendo.info\/equipe\/\",\"name\":\"Equipe\",\"description\":\"\",\"publisher\":{\"@id\":\"https:\/\/adole-sendo.info\/equipe\/#organization\"},\"potentialAction\":[{\"@type\":\"SearchAction\",\"target\":{\"@type\":\"EntryPoint\",\"urlTemplate\":\"https:\/\/adole-sendo.info\/equipe\/?s={search_term_string}\"},\"query-input\":{\"@type\":\"PropertyValueSpecification\",\"valueRequired\":true,\"valueName\":\"search_term_string\"}}],\"inLanguage\":\"pt-BR\"},{\"@type\":\"Organization\",\"@id\":\"https:\/\/adole-sendo.info\/equipe\/#organization\",\"name\":\"Equipe\",\"url\":\"https:\/\/adole-sendo.info\/equipe\/\",\"logo\":{\"@type\":\"ImageObject\",\"inLanguage\":\"pt-BR\",\"@id\":\"https:\/\/adole-sendo.info\/equipe\/#\/schema\/logo\/image\/\",\"url\":\"https:\/\/adole-sendo.info\/equipe\/wp-content\/uploads\/sites\/9\/2022\/05\/logopretopequeno.fw_-270x300.png\",\"contentUrl\":\"https:\/\/adole-sendo.info\/equipe\/wp-content\/uploads\/sites\/9\/2022\/05\/logopretopequeno.fw_-270x300.png\",\"width\":270,\"height\":300,\"caption\":\"Equipe\"},\"image\":{\"@id\":\"https:\/\/adole-sendo.info\/equipe\/#\/schema\/logo\/image\/\"}}]}<\/script>\n<!-- \/ Yoast SEO plugin. -->","yoast_head_json":{"title":"Sabine Pomp\u00e9ia - Equipe","description":"CV abreviado:","robots":{"index":"index","follow":"follow","max-snippet":"max-snippet:-1","max-image-preview":"max-image-preview:large","max-video-preview":"max-video-preview:-1"},"canonical":"https:\/\/adole-sendo.info\/equipe\/sabine-pompeia\/","og_locale":"pt_BR","og_type":"article","og_title":"Sabine Pomp\u00e9ia - Equipe","og_description":"CV abreviado:","og_url":"https:\/\/adole-sendo.info\/equipe\/sabine-pompeia\/","og_site_name":"Equipe","article_modified_time":"2023-01-24T18:54:16+00:00","twitter_card":"summary_large_image","twitter_misc":{"Est. tempo de leitura":"1 minuto"},"schema":{"@context":"https:\/\/schema.org","@graph":[{"@type":"WebPage","@id":"https:\/\/adole-sendo.info\/equipe\/sabine-pompeia\/","url":"https:\/\/adole-sendo.info\/equipe\/sabine-pompeia\/","name":"Sabine Pomp\u00e9ia - Equipe","isPartOf":{"@id":"https:\/\/adole-sendo.info\/equipe\/#website"},"primaryImageOfPage":{"@id":"https:\/\/adole-sendo.info\/equipe\/sabine-pompeia\/#primaryimage"},"image":{"@id":"https:\/\/adole-sendo.info\/equipe\/sabine-pompeia\/#primaryimage"},"thumbnailUrl":"","datePublished":"2018-03-26T13:15:03+00:00","dateModified":"2023-01-24T18:54:16+00:00","description":"CV abreviado:","breadcrumb":{"@id":"https:\/\/adole-sendo.info\/equipe\/sabine-pompeia\/#breadcrumb"},"inLanguage":"pt-BR","potentialAction":[{"@type":"ReadAction","target":["https:\/\/adole-sendo.info\/equipe\/sabine-pompeia\/"]}]},{"@type":"ImageObject","inLanguage":"pt-BR","@id":"https:\/\/adole-sendo.info\/equipe\/sabine-pompeia\/#primaryimage","url":"","contentUrl":""},{"@type":"BreadcrumbList","@id":"https:\/\/adole-sendo.info\/equipe\/sabine-pompeia\/#breadcrumb","itemListElement":[{"@type":"ListItem","position":1,"name":"In\u00edcio","item":"https:\/\/adole-sendo.info\/equipe\/"},{"@type":"ListItem","position":2,"name":"Sabine Pomp\u00e9ia"}]},{"@type":"WebSite","@id":"https:\/\/adole-sendo.info\/equipe\/#website","url":"https:\/\/adole-sendo.info\/equipe\/","name":"Equipe","description":"","publisher":{"@id":"https:\/\/adole-sendo.info\/equipe\/#organization"},"potentialAction":[{"@type":"SearchAction","target":{"@type":"EntryPoint","urlTemplate":"https:\/\/adole-sendo.info\/equipe\/?s={search_term_string}"},"query-input":{"@type":"PropertyValueSpecification","valueRequired":true,"valueName":"search_term_string"}}],"inLanguage":"pt-BR"},{"@type":"Organization","@id":"https:\/\/adole-sendo.info\/equipe\/#organization","name":"Equipe","url":"https:\/\/adole-sendo.info\/equipe\/","logo":{"@type":"ImageObject","inLanguage":"pt-BR","@id":"https:\/\/adole-sendo.info\/equipe\/#\/schema\/logo\/image\/","url":"https:\/\/adole-sendo.info\/equipe\/wp-content\/uploads\/sites\/9\/2022\/05\/logopretopequeno.fw_-270x300.png","contentUrl":"https:\/\/adole-sendo.info\/equipe\/wp-content\/uploads\/sites\/9\/2022\/05\/logopretopequeno.fw_-270x300.png","width":270,"height":300,"caption":"Equipe"},"image":{"@id":"https:\/\/adole-sendo.info\/equipe\/#\/schema\/logo\/image\/"}}]}},"_links":{"self":[{"href":"https:\/\/adole-sendo.info\/equipe\/wp-json\/wp\/v2\/pages\/511"}],"collection":[{"href":"https:\/\/adole-sendo.info\/equipe\/wp-json\/wp\/v2\/pages"}],"about":[{"href":"https:\/\/adole-sendo.info\/equipe\/wp-json\/wp\/v2\/types\/page"}],"author":[{"embeddable":true,"href":"https:\/\/adole-sendo.info\/equipe\/wp-json\/wp\/v2\/users\/1"}],"replies":[{"embeddable":true,"href":"https:\/\/adole-sendo.info\/equipe\/wp-json\/wp\/v2\/comments?post=511"}],"version-history":[{"count":5,"href":"https:\/\/adole-sendo.info\/equipe\/wp-json\/wp\/v2\/pages\/511\/revisions"}],"predecessor-version":[{"id":1058,"href":"https:\/\/adole-sendo.info\/equipe\/wp-json\/wp\/v2\/pages\/511\/revisions\/1058"}],"wp:featuredmedia":[{"embeddable":true,"href":"https:\/\/adole-sendo.info\/equipe\/wp-json\/"}],"wp:attachment":[{"href":"https:\/\/adole-sendo.info\/equipe\/wp-json\/wp\/v2\/media?parent=511"}],"curies":[{"name":"wp","href":"https:\/\/api.w.org\/{rel}","templated":true}]}}